{"id":1315,"date":"2019-03-10T02:20:11","date_gmt":"2019-03-10T01:20:11","guid":{"rendered":"http:\/\/bergische-velo.de\/?page_id=1315"},"modified":"2019-11-10T23:47:53","modified_gmt":"2019-11-10T22:47:53","slug":"kieswegkacheln-graveltour","status":"publish","type":"page","link":"https:\/\/bergische-velo.de\/?page_id=1315","title":{"rendered":"Kieswegkacheln \u2013 Gravelride"},"content":{"rendered":"\n<p><\/p>\n\n\n\n\n\n<div class=\"ngg-galleryoverview ngg-slideshow\"\n\t id=\"ngg-slideshow-27d74d8de6f0a8170351f8da83ca0343-14873706490\"\n     data-gallery-id=\"27d74d8de6f0a8170351f8da83ca0343\"\n     style=\"max-width: 600px; max-height: 400px;\">\n\n \t<div id=\"ngg-image-0\" class=\"ngg-gallery-slideshow-image\" style=\"height:400px\">\n\n        <a href=\"https:\/\/bergische-velo.de\/wp-content\/gallery\/kieswegkacheln\/wuppa-x_5-14.jpg\"\n           title=\"Copyright Jan Gathmann\"\n           data-src=\"https:\/\/bergische-velo.de\/wp-content\/gallery\/kieswegkacheln\/wuppa-x_5-14.jpg\"\n           data-thumbnail=\"https:\/\/bergische-velo.de\/wp-content\/gallery\/kieswegkacheln\/thumbs\/thumbs_wuppa-x_5-14.jpg\"\n           data-image-id=\"400\"\n           data-title=\"wuppa-x_5-14\"\n           data-description=\"Copyright Jan Gathmann\"\n           class=\"ngg-fancybox\" rel=\"27d74d8de6f0a8170351f8da83ca0343\">\n\n            <img data-image-id='400'\n                 title=\"Copyright Jan Gathmann\"\n                 alt=\"wuppa-x_5-14\"\n                 src=\"https:\/\/bergische-velo.de\/wp-content\/gallery\/kieswegkacheln\/wuppa-x_5-14.jpg\"\n                 style=\"max-height: 380px;\"\/>\n        <\/a>\n\n        <\/div> \n<div id=\"ngg-image-1\" class=\"ngg-gallery-slideshow-image\" style=\"height:400px\">\n\n        <a href=\"https:\/\/bergische-velo.de\/wp-content\/gallery\/kieswegkacheln\/wuppa-x_5-1-4.jpg\"\n           title=\"Copyright Jan Gathmann\"\n           data-src=\"https:\/\/bergische-velo.de\/wp-content\/gallery\/kieswegkacheln\/wuppa-x_5-1-4.jpg\"\n           data-thumbnail=\"https:\/\/bergische-velo.de\/wp-content\/gallery\/kieswegkacheln\/thumbs\/thumbs_wuppa-x_5-1-4.jpg\"\n           data-image-id=\"401\"\n           data-title=\"wuppa-x_5-1-4\"\n           data-description=\"Copyright Jan Gathmann\"\n           class=\"ngg-fancybox\" rel=\"27d74d8de6f0a8170351f8da83ca0343\">\n\n            <img data-image-id='401'\n                 title=\"Copyright Jan Gathmann\"\n                 alt=\"wuppa-x_5-1-4\"\n                 src=\"https:\/\/bergische-velo.de\/wp-content\/gallery\/kieswegkacheln\/wuppa-x_5-1-4.jpg\"\n                 style=\"max-height: 380px;\"\/>\n        <\/a>\n\n        <\/div> \n<div id=\"ngg-image-2\" class=\"ngg-gallery-slideshow-image\" style=\"height:400px\">\n\n        <a href=\"https:\/\/bergische-velo.de\/wp-content\/gallery\/kieswegkacheln\/wuppa-x_5-8.jpg\"\n           title=\"Copyright Jan Gathmann\"\n           data-src=\"https:\/\/bergische-velo.de\/wp-content\/gallery\/kieswegkacheln\/wuppa-x_5-8.jpg\"\n           data-thumbnail=\"https:\/\/bergische-velo.de\/wp-content\/gallery\/kieswegkacheln\/thumbs\/thumbs_wuppa-x_5-8.jpg\"\n           data-image-id=\"402\"\n           data-title=\"wuppa-x_5-8\"\n           data-description=\"Copyright Jan Gathmann\"\n           class=\"ngg-fancybox\" rel=\"27d74d8de6f0a8170351f8da83ca0343\">\n\n            <img data-image-id='402'\n                 title=\"Copyright Jan Gathmann\"\n                 alt=\"wuppa-x_5-8\"\n                 src=\"https:\/\/bergische-velo.de\/wp-content\/gallery\/kieswegkacheln\/wuppa-x_5-8.jpg\"\n                 style=\"max-height: 380px;\"\/>\n        <\/a>\n\n        <\/div> \n<\/div>\n\n\n\t\t<!-- Thumbnails Link -->\n\t<div class=\"slideshowlink\" style=\"max-width: 600px;\">\n        <a href='https:\/\/bergische-velo.de\/index.php\/nggallery\/thumbnails?page_id=1315'>[Zeige Vorschaubilder]<\/a>\n\t<\/div>\n\n\n\n\n\n<p>Bergische Velo und WuppaCrossa laden anl\u00e4\u00dflich der Messe am 29.3.  zum Gravelride durchs Bergische ein. Gefahren wird sportlich, aber auch  gerne gem\u00fctlicher \u00fcber befestigte Wege und Waldwege. Wo? Es geht in  einer Schleife \u00fcber 60 km in den sch\u00f6nen h\u00fcgeligen Norden. <\/p>\n\n\n\n<p> F\u00fcr \nwen? Wie man ein Fahrrad auf solche Terrain bewegt, sollten \nMitfahrerInnen schon wissen. Gravelbikes, Cyclocrossbikes, aber auch MTB\n willkommen \u2013 f\u00fcr letztere k\u00f6nnte die Strecke leicht unterfordernd\n sein. Es gehen immer Gruppen mit bis zu f\u00fcnf Personen zusammen auf die \nStrecke (wobei mindestens eine Person mit GPS-Ger\u00e4t dabei sein sollte, \ndie den anderen sagen kann, wo es lang geht).<\/p>\n\n\n\n<p> Treffpunkt ist am 29.03.2019 um 09.00 Uhr morgens am  Veranstaltungsgel\u00e4nde der Bergischen Velo vor dem Mirker Bahnhof an der  Nordbahntrasse.<\/p>\n\n\n\n<p>Mitfahren kostet nichts. Infos zur Strecke und  alles weitere gibt es per Mail nach Anmeldung. Anmeldung formlos per  Mail an <a href=\"mailto:gravel@bergische-velo.de\">gravel[\u00e4t]bergische-velo.de<\/a> Wenn ihr im Team fahren wollt, gerne  einen Team-Namen angeben. Eine Woche vor dem Ride erhaltet ihr dann Post  von uns.<\/p>\n","protected":false},"excerpt":{"rendered":"<p>Bergische Velo und WuppaCrossa laden anl\u00e4\u00dflich der Messe am 29.3. zum Gravelride durchs Bergische ein. Gefahren wird sportlich, aber auch gerne gem\u00fctlicher \u00fcber befestigte Wege und Waldwege. Wo? Es geht in einer Schleife \u00fcber 60 km in den sch\u00f6nen h\u00fcgeligen Norden. F\u00fcr wen? Wie man ein Fahrrad auf solche Terrain bewegt, sollten MitfahrerInnen schon wissen. &hellip; <a href=\"https:\/\/bergische-velo.de\/?page_id=1315\" class=\"more-link\"><span class=\"screen-reader-text\">\u201eKieswegkacheln \u2013 Gravelride\u201c<\/span> weiterlesen<\/a><\/p>\n","protected":false},"author":2,"featured_media":0,"parent":0,"menu_order":0,"comment_status":"closed","ping_status":"closed","template":"","meta":{"ngg_post_thumbnail":0,"footnotes":""},"class_list":["post-1315","page","type-page","status-publish","hentry"],"_links":{"self":[{"href":"https:\/\/bergische-velo.de\/index.php?rest_route=\/wp\/v2\/pages\/1315"}],"collection":[{"href":"https:\/\/bergische-velo.de\/index.php?rest_route=\/wp\/v2\/pages"}],"about":[{"href":"https:\/\/bergische-velo.de\/index.php?rest_route=\/wp\/v2\/types\/page"}],"author":[{"embeddable":true,"href":"https:\/\/bergische-velo.de\/index.php?rest_route=\/wp\/v2\/users\/2"}],"replies":[{"embeddable":true,"href":"https:\/\/bergische-velo.de\/index.php?rest_route=%2Fwp%2Fv2%2Fcomments&post=1315"}],"version-history":[{"count":6,"href":"https:\/\/bergische-velo.de\/index.php?rest_route=\/wp\/v2\/pages\/1315\/revisions"}],"predecessor-version":[{"id":1478,"href":"https:\/\/bergische-velo.de\/index.php?rest_route=\/wp\/v2\/pages\/1315\/revisions\/1478"}],"wp:attachment":[{"href":"https:\/\/bergische-velo.de\/index.php?rest_route=%2Fwp%2Fv2%2Fmedia&parent=1315"}],"curies":[{"name":"wp","href":"https:\/\/api.w.org\/{rel}","templated":true}]}}